{"id":23313,"date":"2019-10-10T13:16:20","date_gmt":"2019-10-10T13:16:20","guid":{"rendered":"http:\/\/www.dispeko.com.ar\/soluciones_y_sistemas_de_higiene\/?post_type=product&#038;p=23313"},"modified":"2019-12-19T16:24:54","modified_gmt":"2019-12-19T16:24:54","slug":"desengrasante-alcalino-codigo-ve-0004","status":"publish","type":"product","link":"https:\/\/www.dispeko.com\/soluciones_y_sistemas_de_higiene\/producto\/desengrasante-alcalino-codigo-ve-0004\/","title":{"rendered":"DESENGRASANTE ALCALINO | C\u00f3digo: VE-0004"},"content":{"rendered":"<p><strong>GENERALIDADES:<\/strong><br \/>\nDesengrasante alcalino de baja espuma para limpieza industrial. encuentra su mejor aplicaci\u00f3n en el rubro alimentario: frigor\u00edficos, peladeros de pollos, granjas, carnicer\u00edas, pescader\u00edas, mataderos, f\u00e1bricas de conservas, panificadoras, f\u00e1bricas de pastas e industrias vitivin\u00edcolas.<br \/>\nPuede usarse por inmersi\u00f3n, rociado o baldeo.<\/p>\n<p><strong>DOSIFICACI\u00d3N:<\/strong><br \/>\nPor Rociado: Se utiliza puro o 1 litro de producto hasta en 10 litros de agua (Seg\u00fan tiempo de acci\u00f3n).<\/p>\n<p>Por Inmersi\u00f3n: 1 litro de producto hasta en 50 litros de agua (Seg\u00fan tiempo de Acci\u00f3n). Su mejor rendimiento se logra con agua caliente.<\/p>\n<p><strong>PRESENTACI\u00d3N:<\/strong>\u00a0Caja por 4 Bidones x 5 litros.<\/p>\n<p><strong>PRECAUCIONES: <\/strong>Usar guantes al manipular este producto.<\/p>\n","protected":false},"excerpt":{"rendered":"<p>GENERALIDADES: Desengrasante alcalino de baja espuma para limpieza industrial. encuentra su mejor aplicaci\u00f3n en el rubro alimentario: frigor\u00edficos, peladeros de [&hellip;]<\/p>\n","protected":false},"featured_media":23599,"template":"","meta":{"_joinchat":[]},"product_cat":[226,86],"product_tag":[],"class_list":{"0":"post-23313","1":"product","2":"type-product","3":"status-publish","4":"has-post-thumbnail","6":"product_cat-area-limpieza-general","7":"product_cat-quimicos-concentrados","8":"product-grid-view","10":"first","11":"instock","12":"taxable","13":"shipping-taxable","14":"purchasable","15":"product-type-simple"},"_links":{"self":[{"href":"https:\/\/www.dispeko.com\/soluciones_y_sistemas_de_higiene\/wp-json\/wp\/v2\/product\/23313"}],"collection":[{"href":"https:\/\/www.dispeko.com\/soluciones_y_sistemas_de_higiene\/wp-json\/wp\/v2\/product"}],"about":[{"href":"https:\/\/www.dispeko.com\/soluciones_y_sistemas_de_higiene\/wp-json\/wp\/v2\/types\/product"}],"wp:featuredmedia":[{"embeddable":true,"href":"https:\/\/www.dispeko.com\/soluciones_y_sistemas_de_higiene\/wp-json\/wp\/v2\/media\/23599"}],"wp:attachment":[{"href":"https:\/\/www.dispeko.com\/soluciones_y_sistemas_de_higiene\/wp-json\/wp\/v2\/media?parent=23313"}],"wp:term":[{"taxonomy":"product_cat","embeddable":true,"href":"https:\/\/www.dispeko.com\/soluciones_y_sistemas_de_higiene\/wp-json\/wp\/v2\/product_cat?post=23313"},{"taxonomy":"product_tag","embeddable":true,"href":"https:\/\/www.dispeko.com\/soluciones_y_sistemas_de_higiene\/wp-json\/wp\/v2\/product_tag?post=23313"}],"curies":[{"name":"wp","href":"https:\/\/api.w.org\/{rel}","templated":true}]}}